remainder when 32374628 is divided by 19?
15
What is the remainder when 15563296 is divided by 5187763?
7
Calculate the remainder when 23716934 is divided by 139.
59
What is the remainder when 1516291 is divided by 16?
3
What is the remainder when 30321 is divided by 2999?
331
What is the remainder when 3226586 is divided by 26?
12
Calculate the remainder when 3919941 is divided by 216.
189
Calculate the remainder when 44630559 is divided by 789.
774
Calculate the remainder when 15467946 is divided by 2007.
2004
Calculate the remainder when 1073808 is divided by 47.
46
What is the remainder when 605470 is divided by 151366?
6
What is the remainder when 36618 is divided by 5340?
4578
What is the remainder when 354305 is divided by 59023?
167
Calculate the remainder when 3145914 is divided by 21683.
1879
What is the remainder when 50271 is divided by 9239?
4076
What is the remainder when 31666227 is divided by 6?
3
Calculate the remainder when 312892 is divided by 200.
92
What is the remainder when 3980377 is divided by 98?
9
Calculate the remainder when 3149088 is divided by 124.
108
Calculate the remainder when 220598 is divided by 1080.
278
What is the remainder when 3092186 is divided by 1030499?
689
Calculate the remainder when 238767 is divided by 8035.
5752
What is the remainder when 40106 is divided by 13301?
203
What is the remainder when 453039 is divided by 773?
61
Calculate the remainder when 3529399 is divided by 92.
3
Calculate the remainder when 60082831 is divided by 3730.
3721
Calculate the remainder when 8082877 is divided by 18.
13
What is the remainder when 40017509 is divided by 1518?
1511
Calculate the remainder when 1037288543 is divided by 49.
46
What is the remainder when 7352292 is divided by 5?
2
Calculate the remainder when 96205 is divided by 359.
352
Calculate the remainder when 92685095 is divided by 3933.
17
Calculate the remainder when 759233 is divided by 759198.
35
What is the remainder when 280958 is divided by 12177?
887
What is the remainder when 62429394 is divided by 2700?
2694
What is the remainder when 22608971 is divided by 75?
71
Calculate the remainder when 65212043 is divided by 7245781.
14
What is the remainder when 2209665 is divided by 29?
10
What is the remainder when 10199207 is divided by 44?
7
Calculate the remainder when 4616557 is divided by 838.
15
Calculate the remainder when 3036868 is divided by 91.
16
What is the remainder when 1580981 is divided by 1580856?
125
Calculate the remainder when 442548 is divided by 264.
84
What is the remainder when 2128197 is divided by 335?
277
Calculate the remainder when 19793 is divided by 1384.
417
What is the remainder when 129632045 is divided by 461324?
1
What is the remainder when 375307588 is divided by 17?
16
Calculate the remainder when 5402459 is divided by 74.
15
What is the remainder when 4085468 is divided by 7055?
623
Calculate the remainder when 225158 is divided by 2962.
46
What is the remainder when 271321 is divided by 456?
1
What is the remainder when 1840511 is divided by 11021?
4
What is the remainder when 67596 is divided by 65?
61
What is the remainder when 300363 is divided by 631?
7
What is the remainder when 166893 is divided by 512?
493
Calculate the remainder when 129685 is divided by 64829.
27
What is the remainder when 7952 is divided by 328?
80
What is the remainder when 11691519 is divided by 3897171?
6
Calculate the remainder when 153535 is divided by 629.
59
Calculate the remainder when 53760088 is divided by 2436.
4
What is the remainder when 199635 is divided by 24946?
67
What is the remainder when 43746418 is divided by 101?
86
What is the remainder when 24864 is divided by 182?
112
Calculate the remainder when 88399 is divided by 2850.
49
What is the remainder when 680946 is divided by 8406?
60
Calculate the remainder when 1596731 is divided by 244.
239
What is the remainder when 282400 is divided by 1090?
90
What is the remainder when 377394 is divided by 414?
240
Calculate the remainder when 449166706 is divided by 81.
79
What is the remainder when 7502672 is divided by 138?
26
Calculate the remainder when 601287 is divided by 14665.
22
What is the remainder when 7854816 is divided by 1277?
1266
What is the remainder when 49558414 is divided by 52?
22
Calculate the remainder when 105037459 is divided by 273535.
19
What is the remainder when 880375 is divided by 8966?
1707
Calculate the remainder when 2519720 is divided by 14481.
26
What is the remainder when 148262239 is divided by 7?
6
Calculate the remainder when 2467127 is divided by 143.
91
Calculate the remainder when 25026 is divided by 2253.
243
What is the remainder when 1701526 is divided by 1293?
1231
Calculate the remainder when 1742742 is divided by 1742728.
14
Calculate the remainder when 50064 is divided by 6577.
4025
What is the remainder when 1899511 is divided by 22?
9
What is the remainder when 1221075 is divided by 1220849?
226
Calculate the remainder when 594194 is divided by 5985.
1679
What is the remainder when 2971252 is divided by 68?
60
What is the remainder when 192749 is divided by 3212?
29
Calculate the remainder when 1078660 is divided by 269645.
80
Calculate the remainder when 24129987 is divided by 508.
495
Calculate the remainder when 632578 is divided by 48658.
24
Calculate the remainder when 859364 is divided by 286149.
917
Calculate the remainder when 465637 is divided by 2477.
2438
Calculate the remainder when 606081 is divided by 60607.
11
Calculate the remainder when 627310 is divided by 255.
10
Calculate the remainder when 4667859 is divided by 222279.
0
Calculate the remainder when 1577218 is divided by 331.
3
Calculate the remainder when 9631491 is divided by 45.
6
What is the remainder when 4849260 is divided by 28?
24
Calculate the remainder when 466651 is divided by 3640.
731
What is the remainder when 16160915 is divided by 1425?
1415
Calculate the remainder when 1779152 is divided by 970.
172
Calculate the remainder when 130264918 is divided by 4248.
4246
Calculate the remainder when 1028221 is divided by 328.
269
Calculate the remainder when 308656 is divided by 21896.
2112
What is the remainder when 126811 is divided by 63404?
3
What is the remainder when 193830 is divided by 4970?
0
What is the remainder when 4918564 is divided by 307410?
4
What is the remainder when 6238670 is divided by 14?
4
What is the remainder when 1176677 is divided by 7045?
162
What is the remainder when 2605375 is divided by 6629?
178
Calculate the remainder when 1676041 is divided by 28.
17
Calculate the remainder when 632606 is divided by 31475.
3106
What is the remainder when 28352 is divided by 1690?
1312
Calculate the remainder when 572086002 is divided by 1582.
1580
Calculate the remainder when 14879475 is divided by 224.
51
Calculate the remainder when 29727 is divided by 14819.
89
Calculate the remainder when 205464 is divided by 473.
182
What is the remainder when 303375 is divided by 18875?
1375
What is the remainder when 2140118 is divided by 2588?
2430
What is the remainder when 1157162 is divided by 4504?
4138
Calculate the remainder when 462889 is divided by 172.
37
What is the remainder when 11258787 is divided by 438?
435
What is the remainder when 141044 is divided by 6104?
652
Calculate the remainder when 1331888 is divided by 45925.
63
What is the remainder when 3067291 is divided by 25349?
62
Calculate the remainder when 3084878 is divided by 1028287.
17
Calculate the remainder when 876591 is divided by 54757.
479
What is the remainder when 1663225 is divided by 779?
60
Calculate the remainder when 1755515 is divided by 585166.
17
What is the remainder when 740605 is divided by 15?
10
What is the remainder when 1507209 is divided by 502384?
57
Calculate the remainder when 209233 is divided by 13938.
163
What is the remainder when 7201191 is divided by 30257?
25
What is the remainder when 12649285 is divided by 903520?
5
Calculate the remainder when 922015 is divided by 43859.
976
Calculate the remainder when 135381 is divided by 4778.
1597
What is the remainder when 2858866 is divided by 14082?
220
What is the remainder when 1117190 is divided by 9232?
118
What is the remainder when 131268976 is divided by 4396?
20
